{"id":2241,"date":"2023-08-08T07:15:45","date_gmt":"2023-08-08T07:15:45","guid":{"rendered":"https:\/\/compilator.com\/shop\/?post_type=product&#038;p=2241"},"modified":"2025-12-01T05:51:08","modified_gmt":"2025-12-01T05:51:08","slug":"kassalada","status":"publish","type":"product","link":"https:\/\/compilator.com\/shop\/produkt\/kassalada\/","title":{"rendered":"Kassal\u00e5da Sverige"},"content":{"rendered":"<p>Kassal\u00e5da Star, 8 mynt och 4 sedel, B405xD423xH98<br \/>\nMoms och frakt tillkommer p\u00e5 varje best\u00e4llning och beror p\u00e5 antal best\u00e4llda varor.<\/p>\n","protected":false},"excerpt":{"rendered":"<p>Kassal\u00e5da Star, 8 mynt och 4 sedel, B405xD423xH98<br \/>\nMoms och frakt tillkommer p\u00e5 varje best\u00e4llning och beror p\u00e5 antal best\u00e4llda varor.<\/p>\n","protected":false},"featured_media":2242,"template":"","meta":{"_et_pb_use_builder":"","_et_pb_old_content":"","_et_gb_content_width":""},"product_brand":[],"product_cat":[100],"product_tag":[],"class_list":{"0":"post-2241","1":"product","2":"type-product","3":"status-publish","4":"has-post-thumbnail","6":"product_cat-kassalada","8":"first","9":"instock","10":"taxable","11":"shipping-taxable","12":"purchasable","13":"product-type-simple"},"aioseo_notices":[],"_links":{"self":[{"href":"https:\/\/compilator.com\/shop\/wp-json\/wp\/v2\/product\/2241","targetHints":{"allow":["GET"]}}],"collection":[{"href":"https:\/\/compilator.com\/shop\/wp-json\/wp\/v2\/product"}],"about":[{"href":"https:\/\/compilator.com\/shop\/wp-json\/wp\/v2\/types\/product"}],"wp:featuredmedia":[{"embeddable":true,"href":"https:\/\/compilator.com\/shop\/wp-json\/wp\/v2\/media\/2242"}],"wp:attachment":[{"href":"https:\/\/compilator.com\/shop\/wp-json\/wp\/v2\/media?parent=2241"}],"wp:term":[{"taxonomy":"product_brand","embeddable":true,"href":"https:\/\/compilator.com\/shop\/wp-json\/wp\/v2\/product_brand?post=2241"},{"taxonomy":"product_cat","embeddable":true,"href":"https:\/\/compilator.com\/shop\/wp-json\/wp\/v2\/product_cat?post=2241"},{"taxonomy":"product_tag","embeddable":true,"href":"https:\/\/compilator.com\/shop\/wp-json\/wp\/v2\/product_tag?post=2241"}],"curies":[{"name":"wp","href":"https:\/\/api.w.org\/{rel}","templated":true}]}}